(m) be the first derivative of -65*m**3/3 - 5*m**2/2 - 2*m - 25. Let t be h(-1). Let v = t - -66. Let c(b) = -b**3 + 4*b**2 + 4*b + 1. Give c(v).
17
Let i(b) = 259*b + 3*b**2 + 253*b + b**3 - 6 + 226*b - 741*b. Give i(-3).
3
Let q(m) = -m**2 - 2*m - 21. Let t be q(0). Let l = t + 26. Let h(b) = l*b**2 - b**2 - b**3 - 1 + 57*b + 4*b**2 - 65*b. Determine h(7).
-8
Let f(c) = -c**2 - 5*c + 2. Let d be f(0). Let a be d*(-18)/(-8)*6/9. Let w(q) = 13*q - 1. Let s(h) = 20*h - 2. Let u(v) = 5*s(v) - 8*w(v). Give u(a).
-14
Let p be (42/9 + -4)*6 - 12. Let a(i) = -7*i**2 + 1. Let t(j) = -8*j**2 + j. Let y(h) = 7*a(h) - 6*t(h). What is y(p)?
-9
Let h(b) = -8*b**2 - 2*b - 11. Let v(q) = 5*q**2 + 2*q + 9. Let o(j) = 2*h(j) + 3*v(j). Give o(0).
5
Let i(f) = -211*f - 61. Let h(q) = -580*q - 181. Let m(w) = -4*h(w) + 11*i(w). Give m(-21).
74
Let j = -926 - -924. Let l(w) = -16*w + 31*w - 14*w + 1. Determine l(j).
-1
Suppose 4*p = 3*j + 48, 2*j - 2*p = -835 + 807. Let c(d) = d**3 + 7*d**2 - 14*d - 64. Determine c(j).
-16
Let n be ((-9 - 27/(-3))*(-2)/6)/(-1). Let b(d) be the third derivative of 7*d**2 + 1/6*d**4 + n + 0*d**3 + 0*d - 1/60*d**5. Determine b(6).
-12
Let j(f) be the third derivative of -1/12*f**4 - 2*f**2 + 1/60*f**5 - 81*f + 0 - 1/120*f**6 - 1/6*f**3. Give j(2).
-9
Suppose 0 = 4*l - l - 24. Let o(q) = 212 - 3*q + 215 - 422 - q. Calculate o(l).
-27
Let i(l) = -l**2 + 4*l - 3. Let w be 80/(-24)*(-12)/10. Let o be -3 - (-358)/2 - w. Let k be 8/36 - o/(-36). Determine i(k).
-8
Let x(o) = -1196*o + 571*o + 615*o - 44. What is x(-6)?
16
Let b be ((-7)/(-2))/(9/(-18)). Let p(a) be the second derivative of -43*a - 1/12*a**4 - 5/3*a**3 + 0 - 5*a**2. Calculate p(b).
11
Let f(v) = -5*v**2 + 11*v - 13. Let l(i) = 4*i**2 - 10*i + 14. Let g(k) = 5*f(k) + 6*l(k). Suppose -33*b + 2*w - 12 = -31*b, 4*b = -4*w - 40. Calculate g(b).
-5
Let q = 220 + -195. Suppose -q = -5*g, 0 = -0*r + 5*r + 2*g - 25. Let m(h) = 3*h**2 - h + 4. What is m(r)?
28
Let q(l) = -l**3 - 25*l**2 - 10*l - 8. Let o(u) = 2*u**3 + 68*u**2 + 21*u + 14. Let s(j) = -2*o(j) - 5*q(j). Let f be (-3 - 2)*(-9 - -7). Give s(f).
-8
Let s(n) = n**3 + 7*n**2 + 1. Let w(c) = 3*c**3 - 5*c**2 + 2*c - 3. Let f be w(2). Suppose -3*m = -f*b + 46, -6 = -2*m - 4*b - 0. What is s(m)?
1
Let y(h) = 34 + h**2 - 3*h + 12 - 9*h - 15*h - 11. Give y(26).
9
Suppose -2 = 336*s - 338*s - 2*k, 0 = 5*s - 2*k - 5. Let b(z) = -21*z**3 - 2*z**2 + 4*z - 2. What is b(s)?
-21
Let g be 38/(-19) + ((-230)/2)/1. Let h = g + 114. Let y(x) = -4*x + 4. Calculate y(h).
16
Let y(k) = -k**3 - 41*k**2 - 39*k + 33. Let g = 8782 + -8822. Give y(g).
-7
Let k(y) be the first derivative of -y**3 - y**2/2 + y - 37. Suppose -j = -6*m + 10*m + 10, -4*m - 4 = -2*j. Give k(j).
-9
Suppose 10 = 14*k - 15*k + 4*s, -3*k = 2*s - 40. Suppose 4*x - 2*x + 2*t = -k, -17 = x + 4*t. Let j(d) = 9*d**3 - 2*d - 1. Determine j(x).
-8
Suppose -3*l + 17 = -40. Let p(y) be the third derivative of -y**6/120 + 19*y**5/60 + y**3 + 4*y**2 - 14*y - 10. What is p(l)?
6
Let q(o) be the third derivative of o**5/20 - o**4/3 - 3*o**3 + 2239*o**2. Give q(5).
17
Let z(q) = 9*q**2 + q + 6 - 4*q + q - 2*q - 9. Calculate z(-1).
10
Suppose -211 + 851 = -5*b. Let w = 133 + b. Let y(x) = -x**2 + 5*x - 3. Give y(w).
-3
Let b(f) = -f**3 - 13*f**2 + 13*f - 11. Let o(g) = -g**3 - 24*g**2 - 81*g - 34. Let z be o(-20). What is b(z)?
3
Let n(z) = 10*z**2 - 9*z + 1. Suppose -148*y + 153*y - 10 = 0. Let i be n(y). Let v = i + -16. Let c(q) = -q + 16. Calculate c(v).
9
Let t(y) = -10*y + 15. Suppose 2*q - q = 4*c - 4, 3*c - 6 = 0. Let x(r) = 193*r + 1 - q - 191*r. Let p(d) = -2*t(d) - 11*x(d). What is p(5)?
-7
Let a = 239 + -423. Let s = a + 182. Let r(y) be the third derivative of -y**5/20 - y**4/6 - y**3/3 - y**2. Give r(s).
-6
Let a(j) = 6*j + 2. Let l(q) = q**2 - 12. Let i be (-16)/(-32) - 2/4. Let u be l(i). Let d be 12/(-9)*(-18)/u. Give a(d).
-10
Let o(p) be the first derivative of p**4/4 - 7*p**3/3 + 7*p**2/2 - 2*p + 18. Suppose 42*k - 240 = 2*k. What is o(k)?
4
Let t(m) = -11*m - 1. Suppose -9*g = -6*g - 102. Let c(l) = l**2 - 34*l + 3. Let n be c(g). Determine t(n).
-34
Let i(c) = -c**3 + 9*c + 4. Suppose -46 = -22*m - 18*m + 74. Calculate i(m).
4
Let v = -1 + 0. Let l(w) = 8*w - 13. Let o(d) = -158*d + 260. Let r(x) = 20*l(x) + o(x). Calculate r(v).
-2
Let f(a) be the third derivative of -a**4/6 + 20*a**3/3 - 742*a**2. Calculate f(10).
0
Suppose -b + 4*u + 20 = 0, 4*b - 3*u - 14 = 1. Let s(q) be the third derivative of q**4/24 + 5*q**3/3 + 4*q**2. Calculate s(b).
10
Let m be (60/(-480))/(3/(-312)). Let u(f) = -f**3 + 11*f**2 - 17*f + 13. Let a(j) = -2*j**3 + 23*j**2 - 33*j + 27. Let h(i) = 3*a(i) - 5*u(i). Calculate h(m).
3
Let z(r) be the third derivative of -r**6/40 - r**5/30 - r**4/24 + r**3/6 - r**2. Suppose -155 - 276 + 329 = 51*d. Give z(d).
19
Let z(m) be the second derivative of m**3/6 + m**2/2 + 40*m + 286. Let k(b) = -b**3 - 2*b**2 + 2*b + 1. Let u be k(-2). Give z(u).
-2
Let f(p) = 48*p + 1. Let i be f(2). Let s = 92 - i. Let u(q) = -q**3 - 6*q**2 - 3*q + 4. Calculate u(s).
-6
Let n(z) = -5*z - 81. Let x(v) = 86*v + 12982. Let q be x(-151). Determine n(q).
-61
Let a(w) = 2*w - 1. Let q(b) = 9*b - 6. Suppose 3*u + 14 = -2*k, k + 0*k - 4*u - 15 = 0. Let m(n) = k*q(n) + 4*a(n). Determine m(0).
2
Let a = 20 + -26. Let u be 4/24 + (-23)/a. Let q be -1*(-5 + 8/u) + -3. Let p(y) = y**2 - 6. Determine p(q).
-6
Let q(z) be the first derivative of 21*z**2/2 + z - 2603. What is q(6)?
127
Let t = 2590 - 2584. Let b be 0 + (2 - 2/2). Let p(h) = -h**2 + 0*h**2 + 0*h**2 + 6*h + b. Give p(t).
1
Let c = 857988 - 857987. Let a(n) = -20*n + 5*n - 14*n. What is a(c)?
-29
Let j(u) = 100*u**2. Let s = -4475 - -4476. Calculate j(s).
100
Let f(y) = 3*y**2 - 14*y - 155. Let j be f(10). Let b(a) = 2*a**2 + 5*a - 7. Let x(s) = s**2 - s. Let l(w) = b(w) - 3*x(w). What is l(j)?
8
Suppose -240*a = -129*a - 123*a + 132. Let j(v) = 2*v**2 - 19*v - 29. Determine j(a).
4
Let i(n) = 1054 - 4*n - 3*n - 1032 + n**2 + 0*n - 6*n. What is i(9)?
-14
Suppose 5*v - t = -6*t + 70, -3*t = -2*v + 3. Let g(w) = -6*w + 48. Determine g(v).
-6
Let m(o) be the first derivative of -o**2/2 + 13*o - 443. Let g = 10 + -2. Suppose 5*i = g*i. Determine m(i).
13
Let d(x) = -32 + 40 + 3*x - 9. Let i be (3 - 9/6)*4. Suppose 0*w - 30 = i*w. Give d(w).
-16
Let l be (2/(-6) - -1)*(-258)/(-1376)*152. Let q(g) = 3*g - 71. Determine q(l).
-14
Let j(i) = 3*i**3 + i - 1. Let u(v) = -5*v**3 - 6*v**2 + 5. Let y(c) = 2*j(c) + u(c). Let h be ((-2)/1)/(20/(-50)). Determine y(h).
-12
Let x(d) = d**3 - 12*d**2 - 14*d + 37. Let o be x(13). Let q(w) = w**3 - 24*w**2 - 2*w + 58. What is q(o)?
10
Let s(o) = -6*o - 73. Let j = 3233 + -3248. What is s(j)?
17
Let q(i) = -388018*i**2 + 388016*i**2 + 20 - 8*i + 0. Determine q(-6).
-4
Let y(k) = -k**3 - 2*k**2 - 3*k. Let h be ((-17)/(-34))/((-1)/20 + (-18)/90). Determine y(h).
6
Let z be (-1532)/140 + (19274/805 - 24). Let d(l) = 27 - 3*l + 4*l + l. What is d(z)?
5
Let c(r) = 2*r**2 - 1. Let l(s) = -s**2 + s - 1. Let n(f) = -c(f) + l(f). Suppose 0*x + 3*x + 3*w + 6 = 0, 0 = -3*x - 2*w - 5. Give n(x).
-4
Let m(n) = 0 + 0*n - 4*n**2 + 3*n**2 - 10 - 8*n + 0*n. Calculate m(-6).
2
Suppose 0 = 7*r - 2*r + h - 379, -241 = -3*r - 4*h. Suppose 27*y = 12*y + r. Let a(m) = -m**2 + 3*m + 11. What is a(y)?
1
Let n = -7173 + 7176. Let t(m) be the first derivative of -18 + 1/3*m**n - 2*m**2 - m. Determine t(2).
-5
Let h be 1238/8 - (-3)/12 - -2. Let l(q) = -3*q - h + 86 + 68. What is l(-7)?
18
Let d(v) = v**3 + v**2 + 4. Let c = -1782 - -1778. What is d(c)?
-44
Let i(u) = u + 2. Let t(v) = -3*v - 5. Let x(a) = 6*i(a) + 3*t(a). Suppose -6*g + g - 25 = 0, 0 = -4*c + g - 3. What is x(c)?
3
Suppose 0*v + 61 = -l + 4*v, 4*v + 353 = -5*l. Let j = 75 + l. Suppose -7 - 41 = -j*u. Let t(c) = 2*c - 7. Determine t(u).
9
Suppose 0 = -x - 2*w + 9, x + 3*w - 9 = 3. Suppose x*c = 7*c - 8. Suppose 0*h = -c*h + 4*m - 12, -5*m = -10. Let v(f) = f**3 + 4*f**2 + 2*f. Determine v(h).
4
Suppose -3*n = 4*f - 12, -12*f - 3*n = -9*f - 9. Suppose -4*u - 15 = -4*g - g, 0 = -3*u - f*g - 18. Let w(a) = -a**2 - 4*a + 6. Determine w(u).
1
Let y(n) be the third derivative of n**8/20160 + n**7/2520 - n**6/360 - 37*n**5/30 - 69*n**2 + 2. Let l(w) be the